+ 172. Does 19 divide (m/10)/(1/5)?
False
Suppose 60 = 9*n - 4*n. Is 12 a factor of n?
True
Let a(m) = m**3 - 4*m**2 + 5*m - 6. Let c be a(6). Let b = c + -55. Is b a multiple of 16?
False
Suppose -413 = 3*u - 8*u + q, -u = 2*q - 87. Is 11 a factor of u?
False
Let i = 9 + 16. Is i a multiple of 8?
False
Let b(j) = 3*j - 1. Let a be b(-1). Is 21 a factor of -6 - a - -1 - -22?
True
Let f(t) = t**3 + 11*t**2 + 8*t + 10. Is 25 a factor of f(-10)?
False
Is (-1 - 36/(-20))/(4/130) a multiple of 9?
False
Let v = -104 + 160. Is v a multiple of 8?
True
Suppose 4*p = i + 11, 4*i + 4 + 4 = 4*p. Let c = -106 + 158. Suppose t + p*n - 9 = 0, -5*t - 7 = -n - c. Is t a multiple of 9?
True
Suppose -4*b = 2*d + 2, 0*b - 5*d = 3*b + 5. Suppose -3*t + q + 104 = b, t = -2*t + 4*q + 110. Is t a multiple of 15?
False
Suppose 0 = 4*v - a - 9, -5*a = v + v + 23. Let l = 6 - v. Is l a multiple of 3?
False
Suppose -72 = -v - v. Let m be (-34)/3 - (-4)/(-6). Let l = v + m. Does 9 divide l?
False
Let b be 1/3*(7 - -2). Let f be (2 - -3)/(b/15). Suppose -f = -4*h + 175. Does 13 divide h?
False
Let n(f) = f**2 + 13*f + 4. Let q be n(-13). Suppose -k + q*k - 16 = -4*i, 3 = k - i. Does 2 divide k?
True
Let f(j) = j - 97. Let w(z) = 3*z - 193. Let s(m) = -5*f(m) + 2*w(m). Let k be s(0). Suppose 2*n - k = -3*h, 4*h - 146 = -3*n - 0*h. Is n a multiple of 14?
True
Suppose -2*m = -q - 1, 0 = 4*q + 6 - 2. Let c(u) = u + 76. Does 15 divide c(m)?
False
Is 10 a factor of (1 - (3 - 1))*314/(-2)?
False
Let v(y) = -3*y + 2. Let z be v(-4). Suppose -20 = -4*r - 2*m, 4*r - z - 10 = -m. Is r a multiple of 3?
False
Suppose 416 + 403 = 7*q. Is q a multiple of 27?
False
Let y be (-1)/3*(-9 + 0). Suppose 2*q + 11 = y*q. Is 4 a factor of q?
False
Suppose -3*x + 8*x + 4*s - 1760 = 0, 3*s = -4*x + 1409. Is 51 a factor of x?
False
Suppose 2*x = 5*w - 447 - 187, 508 = 4*w - 2*x. Is w a multiple of 18?
True
Let k(c) = -2*c**2 + 2. Let t be k(-2). Let w = 22 + t. Is w a multiple of 13?
False
Suppose 116 = 2*l - 2*b, -8*l + 9*l - 58 = 2*b. Is 17 a factor of l?
False
Is -3 + (-2715)/(-21) - 4/14 a multiple of 34?
False
Let o(p) = p**2 - 7*p - 10. Let f be o(8). Is 9 a factor of -3*f*(-16)/(-3)?
False
Let w be ((-1)/1)/((-1)/3). Let a be w - (-3)/((-9)/(-6)). Suppose a*r + 0*r + 2*z = 79, -5*r = z - 82. Does 17 divide r?
True
Let c(u) = -2*u**2 + 14*u + 8. Let o be c(7). Suppose -o*d + 13*d - 260 = 0. Is d a multiple of 13?
True
Let h(t) = -2 + 2 + 3*t + 1 - 4. Does 3 divide h(3)?
True
Let t be 6/3*(-6)/2. Is 16 a factor of (-174)/8*16/t?
False
Suppose -p + 4*g = 2*p - 149, 124 = 3*p + g. Is p a multiple of 12?
False
Let m(o) be the first derivative of -o**3/3 + 4*o**2 + 3*o - 3. Does 14 divide m(6)?
False
Let x = 9 - 42. Let f = x + 48. Is f a multiple of 5?
True
Suppose -3*m - 8*b + 4*b - 284 = 0, -b = -m - 90. Let z = -41 - m. Does 17 divide z?
True
Let o(b) = -b**2 + 2*b + 4. Let i be o(3). Suppose 2*p - i = 15. Is p a multiple of 4?
True
Let p = -19 - -23. Is p a multiple of 3?
False
Is 29 a factor of (24/16)/((-1)/(-174))?
True
Let w(l) = -l + 8. Let z be w(6). Suppose -5*k + 10 = 2*s - 8, 4 = 4*s + z*k. Is 3 a factor of (s/(-2))/(1/8)?
False
Let d = -77 - -138. Is 8 a factor of d?
False
Let o = 25 + 15. Is o a multiple of 10?
True
Let y = -45 + 63. Let o = 48 - y. Is 6 a factor of o?
True
Let s(r) = 3*r - 9. Let d be (2*27/6)/1. Is 9 a factor of s(d)?
True
Let x = -47 - -71. Is 12 a factor of x?
True
Suppose 5*n = 0, f + 4 = n + 1. Is 9 a factor of 27*(4 + f)*1?
True
Let w = 79 - 48. Is 4 a factor of w?
False
Suppose -2*s + 0 = -12. Suppose -3*o + s = -0. Suppose 6*g - o*g - 104 = 0. Does 13 divide g?
True
Let z(u) = -u**2 - 2*u + 16. Does 5 divide z(0)?
False
Suppose 0 = -3*z - 2*z - 4*t - 18, 4*z = -t - 21. Let g(j) = -50 - 3*j + 54 + j + 0*j. Is g(z) a multiple of 15?
False
Suppose 5*g - 3*p + 7*p = 682, -266 = -2*g - 5*p. Does 15 divide g?
False
Suppose 4*c - 2*c - 104 = 0. Suppose -40 = 4*t + c. Does 13 divide t/2*2/(-1)?
False
Suppose 54 = 3*q - 2*m - m, 3*m + 96 = 5*q. Suppose -o + 4*v = 0, 0*o + o - q = -3*v. Is 6 a factor of o?
True
Let m(q) = -3*q - 1. Suppose -17 = 5*o + 3*g, -2*o - 4*g = -0*o + 18. Let v be m(o). Suppose 0 = u - 6*u + 4*x + 32, 0 = u - 3*x - v. Does 8 divide u?
True
Suppose -3*h = -2*h - 6. Let m = h - -3. Is m a multiple of 7?
False
Let n = -52 + 100. Is n a multiple of 35?
False
Suppose -5*g = 4*g - 342. Is 38 a factor of g?
True
Let m(o) = -o**2 + 7*o - 6. Let w be 50/15 + 2/3. Does 5 divide m(w)?
False
Suppose -3*w = -5*c - 8*w + 245, -202 = -4*c + 2*w. Is 11 a factor of c?
False
Suppose -52*t = -50*t - 58. Is 3 a factor of t?
False
Let u(n) = 33*n**2 + n + 2. Is u(1) a multiple of 9?
True
Let q(c) = c**3 - 10*c**2 + 12*c - 4. Let i be q(9). Suppose 5*w + i = 63. Is 3 a factor of w?
False
Suppose t - 4*t = -24. Is 4 a factor of t?
True
Does 17 divide 3/2*(-304)/(-12)?
False
Suppose -2*p = 6 - 0. Let v(j) = -j**3 - 3*j**2 + 5*j + 2. Let q be v(p). Let g = q - -20. Is 2 a factor of g?
False
Let o be (-522)/(-5) + 6/(-15). Let x = o + -56. Is x a multiple of 17?
False
Let f be 3 + (328/(-1))/(-4). Let n = f - 55. Does 9 divide n?
False
Suppose -3*r + 80 = -r. Suppose 8 + r = 4*y. Does 9 divide y?
False
Let h be (2 - (2 - 2))*38. Let w = 116 - h. Is w a multiple of 20?
True
Suppose -2 = -2*z + 2. Suppose 5*o - 5 = 0, -4*t - 3 = 2*o - o. Is 2 a factor of (-4)/((z*t)/1)?
True
Let m be 3/(-12) - 193/(-4). Let l = 18 + m. Is 17 a factor of l?
False
Suppose w - 4 = -3*t + 5, -w + 14 = -2*t. Let o be 9/w + 2/8. Does 3 divide 6/(o - -1)*1?
True
Let n(b) = -5 + 2*b + 4 + 20*b**2 - 3*b. Let g be n(2). Suppose -3*t = 17 - g. Is t a multiple of 13?
False
Let x(u) = u**3 + 12*u**2 + 4*u - 20. Is 19 a factor of x(-11)?
True
Let f(l) = -19*l + 7. Is f(-3) a multiple of 22?
False
Suppose -4*r = 8 + 8. Is (r - -6) + 0 + 36 a multiple of 19?
True
Let g be 2*5/((-10)/(-3)). Suppose 2*i - g = -5*f, -i + 18 = 3*i - 2*f. Is 3 a factor of i?
False
Let r(l) = -2*l**2 + 5*l + 1. Let h be r(4). Suppose -4*p + 9*p - 162 = 3*m, -m + 146 = 5*p. Let u = p + h. Is 12 a factor of u?
False
Suppose -5*s + 14 = -36. Let r be 20/(-6)*84/s. Let m = -19 - r. Does 5 divide m?
False
Suppose -s + 4*s - 258 = 0. Does 30 divide s?
False
Let m be (-15)/(-10)*(-1 + 5). Let i = -2 - m. Let d(t) = t**2 + 7*t - 3. Is d(i) even?
False
Let h = -2 - -10. Let j = -21 - -36. Suppose -8 = -k - 3*s + h*s, 4*k - j = 3*s. Does 2 divide k?
False
Is 10 a factor of (3 + 1)/((-2)/(-17))?
False
Is 4 a factor of ((-2)/(-5))/((-5)/(-350))?
True
Suppose -4*a - v = -791, 4*a - 9*a = 2*v - 988. Is 33 a factor of a?
True
Let y(p) = p - p - p + 2 + 3. Does 5 divide y(-5)?
True
Suppose -d + 6*d - 50 = 0. Is d even?
True
Suppose 5 = -3*u + 2*u, -80 = 5*y + 4*u. Does 11 divide 3*(y/(-1) - 1)?
True
Let a = 20 + -13. Does 3 divide a?
False
Let r(p) = 16*p**3 - p**2 - p + 1. Does 13 divide r(1)?
False
Let v be 13/78 - (-17)/6. Suppose -5*p + 45 = y, -v*p + 6*p - 27 = y. Is p a multiple of 9?
True
Suppose 0 = -j + 6*j + 50. Let x be (-2)/(-4) + j/4. Let s = 2 - x. Is s a multiple of 4?
True
Let l be (-3 - -1) + 2 + 2. Suppose s - 45 = -3*x - l*x, 78 = 2*s - 2*x. Is 20 a factor of s?
True
Let q = 22 - 15. Is q a multiple of 7?
True
Suppose -3*q - 2*q = 4*x - 88, -68 = -4*q - 4*x. Does 10 divide q?
True
Let o(p) = p**3 + 9*p**2 + 7*p + 13. Is o(-7) a multiple of 11?
False
Let o = -123 + 154. Is o a multiple of 18?
False
Let j(g) = -2*g - 7. Let f be j(-5). Suppose 0 = -f*s - 7 - 41. Let l = -10 - s. Does 5 divide l?
False
Suppose 4*y - 82 + 30 = 0. Is 8 a factor of y?
False
Suppose 3*s + r + 0*r = 417, -3*s = 2*r - 420. Does 17 divide s?
False
Suppose 0*n - 3*n = 30. Let h = n - -18. Is h a multiple of 8?
True
Let l be (-5)/(-15) + 1/(-3). Suppose l = s - 3 - 15. Is s a multiple of 6?
True
Is 24/72 + ((-118)/(-3))/2 a multiple of 10?
True
Suppose -1 + 0 = -l. Suppose -2*x + 7 = -l. Suppose -144 = -x*c - 4*o, -2*c - o = -3*o - 88. Does 14 divide c?
False
Let b(x) = x**2 - 4*x + 4. Let r be b(4). Suppose -3*m - 2*m + 2*o + 83 = 0, r*m + 3*o - 48 = 0. Is m a multiple of 9?
False
Let q be (-2)/6*-1*117. Suppose 0*i - 5*o + q = i, -5*i + o = -299. Does 16 divide i?
False
Let c be (-7 + 2)/(-1 - 0). Suppose 85 = -0*n + c*n. Suppose -3*t + n = -2